st common divisor of 35 and c?
5
Let j = 8 + 49. Suppose -a = -5*a + 4*o + 16, 0 = -2*a - 2*o + 28. Suppose 4*x = a*x - 190. What is the highest common factor of j and x?
19
Let l = 109 - 18. Suppose -l = b - 2*b. Suppose -4*z + 7*z - 39 = 0. Calculate the highest common divisor of b and z.
13
Let y = -79 - -167. Suppose -f + 42 = -y. Calculate the greatest common divisor of f and 26.
26
Let f be (-6)/10 - (-636)/10. Calculate the greatest common factor of 42 and f.
21
Let c be (-6)/15 + (-242)/(-5). Let h(x) = -x**3 + 10*x**2 - 8*x + 7. Let z be h(9). Calculate the highest common divisor of z and c.
16
Suppose -9*a + 1403 - 35 = 0. What is the greatest common divisor of 8 and a?
8
Suppose -2*j = j - 84. Let r = j + -13. Suppose -t - 5*x = -30, -2*t + r = x - 0*x. What is the highest common divisor of t and 5?
5
Let v(r) = 6*r**2 - 8*r - 3. Let s be v(6). What is the highest common divisor of 66 and s?
33
Suppose 6*w = 10*w - 232. Calculate the highest common divisor of 87 and w.
29
Let d(s) = -7*s - 1. Let g be d(-3). Let b = g - 3. Suppose -7 = 5*c - b. What is the greatest common divisor of 6 and c?
2
Let a(y) = y**3 - 7*y**2 + 10*y + 9. Let k be a(5). What is the highest common factor of 36 and k?
9
Let d(w) = -5*w + 6. Let c be d(8). Let n = 62 + c. Suppose -2*v + 2*a = -4, 5*v - a = 17 + 13. Calculate the greatest common divisor of v and n.
7
Let z(u) = 27*u**3 - u**2 - 4*u + 5. Let j be z(1). Let i be (-56)/(-6) + 1/(-3). What is the greatest common factor of i and j?
9
Suppose 0*l - 5*l = -15. Suppose -2*d + 2*c - 26 = -72, 0 = -l*d - c + 49. Let z be (15/(-2))/((-3)/d). What is the greatest common factor of 9 and z?
9
Let z = -125 - -235. Suppose 0 = 3*h - 2 - 28. What is the highest common factor of h and z?
10
Suppose -5*c + 3*g + 2*g = -15, -5*c + 4*g + 14 = 0. Let a(o) = 2*o + 40 + 5*o - c*o - 4*o. Let r be a(0). Calculate the highest common divisor of r and 60.
20
Suppose -298 = -3*b + 14. Let s = -55 + b. What is the greatest common factor of 7 and s?
7
Suppose -x + 2*x - 24 = 0. Suppose -367*d = -359*d - 2112. What is the greatest common divisor of x and d?
24
Suppose 2*x + 0 + 4 = 0. Let l(n) be the third derivative of -5*n**4/24 - n**3/3 - n**2. Let u be l(x). What is the greatest common divisor of u and 64?
8
Suppose -4*q + 6*q - 440 = 0. Let h be ((-1)/((-12)/16))/(1/15). What is the highest common divisor of h and q?
20
Let r = 33 + 4. Calculate the highest common factor of r and 333.
37
Suppose -28 = 3*l - 88. Suppose 5*w + 3*n = 265, -4*w + 3*n = -0*n - 185. Calculate the greatest common divisor of w and l.
10
Suppose 4*m - 1176 = 8*m. Let y be 21/35 - m/10. Calculate the greatest common divisor of y and 10.
10
Let m(j) = -j**2 + j + 7. Let b be m(-3). Let c be b/2*140/(-25). Calculate the greatest common factor of 14 and c.
14
Suppose 2*w - 142 - 276 = 0. Calculate the highest common divisor of 19 and w.
19
Let n be -639*(-7)/147 + (-4)/(-7). Let m be 2/(-2*(-2)/496). What is the greatest common divisor of m and n?
31
Let u be ((-2)/6)/((-6)/(-1296)*-3). Suppose -3*v + 35 = -7. Let g be (-4)/v - (-88)/14. What is the greatest common divisor of g and u?
6
Let d(o) = -1 + 3*o - 4 + 2. Let l be d(5). Let n = 252 + -248. Calculate the highest common factor of n and l.
4
Let w(y) = 21*y - 1. Let x be w(1). Let q(i) = i**3 + 8*i**2 + 8*i - 4. Let h be q(-6). Calculate the highest common divisor of h and x.
20
Let m(l) = l + 9. Let v be m(-5). Let c(r) be the first derivative of r**2 - 8*r + 1. Let w be c(10). What is the highest common factor of v and w?
4
Let b = -24 - -94. Calculate the highest common divisor of b and 20.
10
Suppose -2*u = -3*y - 49, 66 = 5*u + 4*y - 22. Suppose 7*x + x = 240. What is the highest common factor of x and u?
10
Let c(o) = -8*o + 66. Let d be c(7). Calculate the greatest common divisor of d and 2.
2
Let s be 6*(-9)/(-24)*96. What is the highest common factor of 24 and s?
24
Let g be 3/((18/380)/(24/20)). What is the greatest common divisor of 19 and g?
19
Suppose -15 = -0*b - 5*b. Suppose -b*u + u = -88. What is the greatest common divisor of 11 and u?
11
Suppose 3*f = 3*w + 36, -4*f - w = -3*f - 6. Calculate the greatest common factor of f and 3.
3
Suppose -5*v + w + 33 + 678 = 0, 0 = -4*w + 16. What is the highest common factor of 11 and v?
11
Let b = 143 + 25. Suppose 4*n - 52 = b. Calculate the greatest common divisor of 5 and n.
5
Suppose 2*w = -0*w + 16. Suppose -7*y + 30 = 8*y. Calculate the greatest common factor of y and w.
2
Suppose 0 = -2*m + 5*h + 346 + 4, 2*m - 318 = -3*h. Calculate the greatest common factor of m and 11.
11
Suppose 2*z + 90 = 4*b, 3*b - 5*z - 81 = 4. Calculate the greatest common factor of b and 20.
20
Let c(s) = 3*s + 13. Let l be c(-4). Calculate the highest common factor of 9 and l.
1
Suppose -4*p = 4*d - 76, -4*p - 69 - 47 = -4*d. Calculate the highest common factor of d and 12.
12
Let n(o) = -o + 22. Suppose 4*y + 76 = 4*v, -5*v + 13 = -3*y - 72. Let q be n(v). What is the highest common divisor of 24 and q?
8
Suppose 7 = q - 0*q + 3*f, 4*f = -4*q + 20. Let x(w) = -1 + 6 - w**2 + q + 8*w. Let j be x(7). Calculate the highest common factor of 64 and j.
16
Let p be 24/14*28/8. Suppose -2*k = -p*k. Suppose k*n = n - 44. What is the greatest common factor of n and 4?
4
Let g be 51*(0 - (-3)/9). What is the highest common divisor of 17 and g?
17
Suppose -2*k - 20 = 3*k, 3*l - 34 = -2*k. What is the highest common factor of l and 28?
14
Let m = -1 - 5. Let s be (20/3)/(m/(-18)). Suppose 4*b - 40 = -0*b. Calculate the greatest common factor of s and b.
10
Suppose 0 = v - 2*r - 606, 4*r - 6 = 2*r. Suppose v + 378 = 5*a. Calculate the greatest common factor of 22 and a.
22
Let v(t) = 6 + 3*t**2 + 6*t**3 + 0*t**2 - 3*t**3 - 3 - 2*t. Let y be (-2)/(-8) - 14/(-8). Let b be v(y). What is the highest common factor of b and 14?
7
Suppose -222 = -2*q - 2*z, -q + 106 = -3*z - z. Let o = 158 - q. What is the greatest common factor of o and 12?
12
Let t = -60 - -137. Let y(f) = -f**3 + 5*f**2 + 3*f - 8. Let h be y(5). What is the highest common divisor of t and h?
7
Let p = 12 + -7. Suppose -65 = -p*m + 2*t, -4*m + 70 = m - 3*t. Calculate the greatest common factor of 121 and m.
11
Let f = -9 + 17. Let w be f/52 + 256/26. What is the greatest common divisor of w and 15?
5
Let v = -320 + 465. Let a = 119 - 90. Calculate the greatest common factor of a and v.
29
Let g = 88 - 73. Suppose 5*l - 234 = -3*o, o - 6*o = -3*l + 120. Calculate the greatest common factor of g and l.
15
Let d be 3 + 1/(-3 + 2). Suppose o - 3*o = 8, -2*f = d*o - 40. What is the highest common factor of 3 and f?
3
Let n be 4/(-10) - 412/(-5). Let p = n + 14. Let t(j) = 17*j - 1. Let u be t(1). What is the highest common factor of u and p?
16
Let k be (0/2)/(-4)*1. Let q(m) = 2*m + 81. Let v be q(k). What is the greatest common divisor of v and 9?
9
Suppose -5*p = 15, -6*p = -5*n - 2*p - 288. Let s be (-3)/6*n/3. Suppose 0 = c + d + 2, 0 = 4*c - 0*d + 2*d. Calculate the highest common factor of c and s.
2
Let l = 44 + -14. Suppose -8*z + 3*z = -l. What is the highest common factor of 6 and z?
6
Suppose 0 = 5*g - 113 - 42. Let c = -7 + g. Suppose -w + c = 3*w. Calculate the greatest common factor of w and 6.
6
Suppose -4*f - x = -65, 30 - 114 = -5*f - 4*x. What is the greatest common divisor of 16 and f?
16
Let m = -9 + 13. Let f = 14 - m. What is the highest common divisor of f and 5?
5
Let y = 14 - -2. Calculate the greatest common divisor of 2 and y.
2
Suppose 5*q - 5*a = 100, 5*q - 80 = q + 5*a. Let j = 34 - q. Calculate the greatest common divisor of 126 and j.
14
Let n be 7/((-21)/(-12))*1. What is the greatest common divisor of n and 16?
4
Let k = 6 - 1. Suppose 5*u + 0*u + s - 5 = 0, 0 = -5*u + 5*s + 35. Calculate the highest common factor of k and u.
1
Let n(k) = -4*k**3 - k**2 + 4*k + 1. Suppose v + 4 = 1. Let t be n(v). What is the greatest common factor of 8 and t?
8
Suppose -4 = -2*f + 14. Let l(o) = 3*o**2 - 2*o + 5*o**3 + 5*o**2 - 4*o**3 + 9. Let k be l(-7). What is the highest common divisor of f and k?
9
Let n = 13 - 8. Suppose -8*u + 288 = -n*u. What is the highest common factor of u and 12?
12
Suppose k - 2 = 24. Suppose k = 2*o - 34. What is the highest common factor of 10 and o?
10
Su